{"id":4830,"date":"2014-06-12T11:01:10","date_gmt":"2014-06-12T09:01:10","guid":{"rendered":"http:\/\/filosofiska.websign.se\/?page_id=4830"},"modified":"2025-10-14T10:01:07","modified_gmt":"2025-10-14T09:01:07","slug":"kontakt-2","status":"publish","type":"page","link":"http:\/\/www.filosofiska.nu\/filosofiska\/kontakt-2\/","title":{"rendered":"Kontakt"},"content":{"rendered":"<h1 style=\"text-align: left;\">Kontakta oss g\u00e4rna!<\/h1>\n<p style=\"text-align: left;\">Tveka inte att h\u00f6ra av dig om det \u00e4r n\u00e5got du beh\u00f6ver hj\u00e4lp med eller undrar.<\/p>\n<style type='text\/css'>\n\t\t#content-boxes-1 article.col{background-color:#dbdbdb !important;}\n\t\t#content-boxes-1 .fontawesome-icon.circle-yes{color: !important;background-color: !important;border-color:  !important;}\n\t\t#content-boxes-1 a:hover .fontawesome-icon.circle-yes{background-color:  !important;border-color: !important;}\n\t\t<\/style><section class=\"clearfix columns content-boxes content-boxes-icon-boxed columns-1\" id=\"content-boxes-1\">\n<article class=\"col\"><div class=\"heading heading-and-icon\"><i class=\"fontawesome-icon medium circle-yes icon-phone animated\"  animation_type=\"fadeInDown\" animation_duration=\"0.8\"><\/i><h2>Huvudman<\/h2><\/div><div class=\"col-content-container \">Dick Holmgren<br \/>\nE-post: <a href=\"mailto:dick.holmgren@filosofiska.nu\">dick.holmgren@filosofiska.nu<\/a><br \/>\nTel: 070 573 86 03<\/div><\/article>\n<\/section>\n<style type='text\/css'>\n\t\t#content-boxes-2 article.col{background-color:#dbdbdb !important;}\n\t\t#content-boxes-2 .fontawesome-icon.circle-yes{color: !important;background-color: !important;border-color:  !important;}\n\t\t#content-boxes-2 a:hover .fontawesome-icon.circle-yes{background-color:  !important;border-color: !important;}\n\t\t<\/style><section class=\"clearfix columns content-boxes content-boxes-icon-boxed columns-2\" id=\"content-boxes-2\"><article class=\"col\"><div class=\"heading heading-and-icon\"><i class=\"fontawesome-icon medium circle-yes icon-phone animated\"  animation_type=\"fadeInDown\" animation_duration=\"0.8\"><\/i><h2>F\u00f6rskolan i Enskededalen<\/h2><\/div><div class=\"col-content-container \">\n<p>Rektor: Hannah Andersson<br \/>\nE-post: <a href=\"mailto:lena.nyman@filosofiska.nu\">hannah.andersson@filosofiska.nu<\/a><br \/>\nTel: 073 520 72 09<br \/>\n\u00c5storpsringen 36<br \/>\n121 31 Enskededalen<br \/>\n<\/div><\/article>\n<article class=\"col\"><div class=\"heading heading-and-icon\"><i class=\"fontawesome-icon medium circle-yes icon-phone animated\"  animation_type=\"fadeInDown\" animation_duration=\"0.8\"><\/i><h2>F\u00f6rskolan i Skarpn\u00e4ck<\/h2><\/div><div class=\"col-content-container \">\n<p>Rektor: Hannah Andersson<br \/>\nE-post: <a href=\"mailto:lena.nyman@filosofiska.nu\" target=\"_blank\" rel=\"noopener\">hannah.andersson@filosofiska.nu<\/a><br \/>\nTel: 073 520 72 09<br \/>\nVarmfrontsgatan 13<br \/>\n128 34 Skarpn\u00e4ck<br \/>\n<\/div><\/article>\n<\/section>\n<style type='text\/css'>\n\t\t#content-boxes-3 article.col{background-color:#dbdbdb !important;}\n\t\t#content-boxes-3 .fontawesome-icon.circle-yes{color: !important;background-color: !important;border-color:  !important;}\n\t\t#content-boxes-3 a:hover .fontawesome-icon.circle-yes{background-color:  !important;border-color: !important;}\n\t\t<\/style><section class=\"clearfix columns content-boxes content-boxes-icon-boxed columns-1\" id=\"content-boxes-3\">\n<article class=\"col\"><div class=\"heading heading-and-icon\"><i class=\"fontawesome-icon medium circle-yes icon-phone animated\"  animation_type=\"fadeInDown\" animation_duration=\"0.8\"><\/i><h2>Grundskolan i Skarpn\u00e4ck (f-9)<\/h2><\/div><div class=\"col-content-container \">Rektor: Lisa Ekl\u00f6v<br \/>\nE-post: <a href=\"mailto:lisa.eklov@filosofiska.nu\">lisa.eklov@filosofiska.nu<\/a><br \/>\nTel (expedition): 070 455 34 50<br \/>\nHorisontv\u00e4gen 22-24<br \/>\n128 34 Skarpn\u00e4ck<\/div><\/article>\n<\/section>\n","protected":false},"excerpt":{"rendered":"<p>Kontakta oss g\u00e4rna! Tveka inte att h\u00f6ra av dig om det \u00e4r n\u00e5got du beh\u00f6ver hj\u00e4lp med eller undrar.<\/p>\n","protected":false},"author":1,"featured_media":0,"parent":0,"menu_order":0,"comment_status":"closed","ping_status":"open","template":"contact.php","meta":{"footnotes":""},"class_list":["post-4830","page","type-page","status-publish","hentry"],"_links":{"self":[{"href":"http:\/\/www.filosofiska.nu\/filosofiska\/wp-json\/wp\/v2\/pages\/4830","targetHints":{"allow":["GET"]}}],"collection":[{"href":"http:\/\/www.filosofiska.nu\/filosofiska\/wp-json\/wp\/v2\/pages"}],"about":[{"href":"http:\/\/www.filosofiska.nu\/filosofiska\/wp-json\/wp\/v2\/types\/page"}],"author":[{"embeddable":true,"href":"http:\/\/www.filosofiska.nu\/filosofiska\/wp-json\/wp\/v2\/users\/1"}],"replies":[{"embeddable":true,"href":"http:\/\/www.filosofiska.nu\/filosofiska\/wp-json\/wp\/v2\/comments?post=4830"}],"version-history":[{"count":24,"href":"http:\/\/www.filosofiska.nu\/filosofiska\/wp-json\/wp\/v2\/pages\/4830\/revisions"}],"predecessor-version":[{"id":9383,"href":"http:\/\/www.filosofiska.nu\/filosofiska\/wp-json\/wp\/v2\/pages\/4830\/revisions\/9383"}],"wp:attachment":[{"href":"http:\/\/www.filosofiska.nu\/filosofiska\/wp-json\/wp\/v2\/media?parent=4830"}],"curies":[{"name":"wp","href":"https:\/\/api.w.org\/{rel}","templated":true}]}}

<h1 style="text-align: left;">Kontakta oss gärna!</h1>
<p style="text-align: left;">Tveka inte att höra av dig om det är något du behöver hjälp med eller undrar.</p>
<style type='text/css'>
		#content-boxes-1 article.col{background-color:#dbdbdb !important;}
		#content-boxes-1 .fontawesome-icon.circle-yes{color: !important;background-color: !important;border-color:  !important;}
		#content-boxes-1 a:hover .fontawesome-icon.circle-yes{background-color:  !important;border-color: !important;}
		</style><section class="clearfix columns content-boxes content-boxes-icon-boxed columns-1" id="content-boxes-1">
<article class="col"><div class="heading heading-and-icon"><i class="fontawesome-icon medium circle-yes icon-phone animated"  animation_type="fadeInDown" animation_duration="0.8"></i><h2>Huvudman</h2></div><div class="col-content-container ">Dick Holmgren<br />
E-post: <a href="mailto:dick.holmgren@filosofiska.nu">dick.holmgren@filosofiska.nu</a><br />
Tel: 070 573 86 03</div></article>
</section>
<style type='text/css'>
		#content-boxes-2 article.col{background-color:#dbdbdb !important;}
		#content-boxes-2 .fontawesome-icon.circle-yes{color: !important;background-color: !important;border-color:  !important;}
		#content-boxes-2 a:hover .fontawesome-icon.circle-yes{background-color:  !important;border-color: !important;}
		</style><section class="clearfix columns content-boxes content-boxes-icon-boxed columns-2" id="content-boxes-2"><article class="col"><div class="heading heading-and-icon"><i class="fontawesome-icon medium circle-yes icon-phone animated"  animation_type="fadeInDown" animation_duration="0.8"></i><h2>Förskolan i Enskededalen</h2></div><div class="col-content-container ">
<p>Rektor: Hannah Andersson<br />
E-post: <a href="mailto:lena.nyman@filosofiska.nu">hannah.andersson@filosofiska.nu</a><br />
Tel: 073 520 72 09<br />
Åstorpsringen 36<br />
121 31 Enskededalen<br />
</div></article>
<article class="col"><div class="heading heading-and-icon"><i class="fontawesome-icon medium circle-yes icon-phone animated"  animation_type="fadeInDown" animation_duration="0.8"></i><h2>Förskolan i Skarpnäck</h2></div><div class="col-content-container ">
<p>Rektor: Hannah Andersson<br />
E-post: <a href="mailto:lena.nyman@filosofiska.nu" target="_blank" rel="noopener">hannah.andersson@filosofiska.nu</a><br />
Tel: 073 520 72 09<br />
Varmfrontsgatan 13<br />
128 34 Skarpnäck<br />
</div></article>
</section>
<style type='text/css'>
		#content-boxes-3 article.col{background-color:#dbdbdb !important;}
		#content-boxes-3 .fontawesome-icon.circle-yes{color: !important;background-color: !important;border-color:  !important;}
		#content-boxes-3 a:hover .fontawesome-icon.circle-yes{background-color:  !important;border-color: !important;}
		</style><section class="clearfix columns content-boxes content-boxes-icon-boxed columns-1" id="content-boxes-3">
<article class="col"><div class="heading heading-and-icon"><i class="fontawesome-icon medium circle-yes icon-phone animated"  animation_type="fadeInDown" animation_duration="0.8"></i><h2>Grundskolan i Skarpnäck (f-9)</h2></div><div class="col-content-container ">Rektor: Lisa Eklöv<br />
E-post: <a href="mailto:lisa.eklov@filosofiska.nu">lisa.eklov@filosofiska.nu</a><br />
Tel (expedition): 070 455 34 50<br />
Horisontvägen 22-24<br />
128 34 Skarpnäck</div></article>
</section>

<p>Kontakta oss gärna! Tveka inte att höra av dig om det är något du behöver hjälp med eller undrar.</p>
