{"id":5214,"date":"2014-06-16T15:01:31","date_gmt":"2014-06-16T13:01:31","guid":{"rendered":"http:\/\/filosofiska.websign.se\/?page_id=5214"},"modified":"2021-10-28T11:36:06","modified_gmt":"2021-10-28T11:36:06","slug":"ansok-till-enskededalen","status":"publish","type":"page","link":"http:\/\/www.filosofiska.nu\/filosofiska\/ansok-till-enskededalen\/","title":{"rendered":"Ans\u00f6kan &#8211; Enskededalen"},"content":{"rendered":"<h1 class=\"ordinariesida\" style=\"color: #464646; text-align: center;\">Ans\u00f6kan &#8211; Enskededalen<\/h1>\n<p>&nbsp;<\/p>\n<p>Vi \u00e4r anslutna till Stockholms stads kommunala\u00a0<a title=\"F\u00f6rskolek\u00f6\" href=\"http:\/\/www.stockholm.se\/-\/Serviceenhetsdetaljer\/?enhet=1db6c617b078496bbd3614059bb22ddf\" target=\"_blank\" rel=\"noopener\">f\u00f6rskolek\u00f6<\/a>. F\u00f6r att s\u00f6ka till oss anv\u00e4nder ni e-tj\u00e4nsten f\u00f6r f\u00f6rskoleans\u00f6kan p\u00e5 Stockholm stads hemsida. Handl\u00e4ggare p\u00e5 kommunen som kan svara p\u00e5 fr\u00e5gor om placeringar \u00e4r f\u00f6r Enskede:\u00a0<a href=\"mailto:anne-marie.tiilama@stockholm.se\" target=\"_blank\" rel=\"noopener\">anna.tvedsjo@<wbr \/>stockholm.se<\/a><\/p>\n<p>P\u00e5 Stockholms stads hemsida kan du j\u00e4mf\u00f6ra oss med andra f\u00f6rskolor och l\u00e4sa om vad v\u00e5ra f\u00f6r\u00e4ldrar tycker i Enk\u00e4tunders\u00f6kning!<\/p>\n<p>Vi tar emot intresserade f\u00f6r\u00e4ldrar och barn p\u00e5 bes\u00f6k l\u00f6pande.<\/p>\n<p>Intresseanm\u00e4lan f\u00f6r visning g\u00f6rs till\u00a0<a href=\"mailto:suzanne.axelsson@filosofiska.nu\" target=\"_blank\" rel=\"noopener\">lena.nyman@<wbr \/>filosofiska.nu<\/a>.<a href=\"mailto:lena.timmer@filosofiska.nu\" target=\"_blank\" rel=\"noopener\"><br \/>\n<\/a><\/p>\n<p class=\"left\" style=\"color: #464646; text-align: center;\">\n","protected":false},"excerpt":{"rendered":"<p>Ans\u00f6kan &#8211; Enskededalen &nbsp; Vi \u00e4r anslutna till Stockholms stads kommunala\u00a0f\u00f6rskolek\u00f6. F\u00f6r att s\u00f6ka till oss anv\u00e4nder ni e-tj\u00e4nsten f\u00f6r f\u00f6rskoleans\u00f6kan p\u00e5 Stockholm stads hemsida. Handl\u00e4ggare p\u00e5 kommunen som kan svara p\u00e5 fr\u00e5gor om placeringar \u00e4r f\u00f6r Enskede:\u00a0anna.tvedsjo@stockholm.se P\u00e5 Stockholms stads hemsida kan du j\u00e4mf\u00f6ra oss med andra f\u00f6rskolor och l\u00e4sa om vad v\u00e5ra f\u00f6r\u00e4ldrar [&hellip;]<\/p>\n","protected":false},"author":1,"featured_media":0,"parent":0,"menu_order":0,"comment_status":"open","ping_status":"closed","template":"full-width.php","meta":{"footnotes":""},"class_list":["post-5214","page","type-page","status-publish","hentry"],"_links":{"self":[{"href":"http:\/\/www.filosofiska.nu\/filosofiska\/wp-json\/wp\/v2\/pages\/5214","targetHints":{"allow":["GET"]}}],"collection":[{"href":"http:\/\/www.filosofiska.nu\/filosofiska\/wp-json\/wp\/v2\/pages"}],"about":[{"href":"http:\/\/www.filosofiska.nu\/filosofiska\/wp-json\/wp\/v2\/types\/page"}],"author":[{"embeddable":true,"href":"http:\/\/www.filosofiska.nu\/filosofiska\/wp-json\/wp\/v2\/users\/1"}],"replies":[{"embeddable":true,"href":"http:\/\/www.filosofiska.nu\/filosofiska\/wp-json\/wp\/v2\/comments?post=5214"}],"version-history":[{"count":3,"href":"http:\/\/www.filosofiska.nu\/filosofiska\/wp-json\/wp\/v2\/pages\/5214\/revisions"}],"predecessor-version":[{"id":8459,"href":"http:\/\/www.filosofiska.nu\/filosofiska\/wp-json\/wp\/v2\/pages\/5214\/revisions\/8459"}],"wp:attachment":[{"href":"http:\/\/www.filosofiska.nu\/filosofiska\/wp-json\/wp\/v2\/media?parent=5214"}],"curies":[{"name":"wp","href":"https:\/\/api.w.org\/{rel}","templated":true}]}}

Ansökan &#8211; Enskededalen

<h1 class="ordinariesida" style="color: #464646; text-align: center;">Ansökan &#8211; Enskededalen</h1>
<p>&nbsp;</p>
<p>Vi är anslutna till Stockholms stads kommunala <a title="Förskolekö" href="http://www.stockholm.se/-/Serviceenhetsdetaljer/?enhet=1db6c617b078496bbd3614059bb22ddf" target="_blank" rel="noopener">förskolekö</a>. För att söka till oss använder ni e-tjänsten för förskoleansökan på Stockholm stads hemsida. Handläggare på kommunen som kan svara på frågor om placeringar är för Enskede: <a href="mailto:anne-marie.tiilama@stockholm.se" target="_blank" rel="noopener">anna.tvedsjo@<wbr />stockholm.se</a></p>
<p>På Stockholms stads hemsida kan du jämföra oss med andra förskolor och läsa om vad våra föräldrar tycker i Enkätundersökning!</p>
<p>Vi tar emot intresserade föräldrar och barn på besök löpande.</p>
<p>Intresseanmälan för visning görs till <a href="mailto:suzanne.axelsson@filosofiska.nu" target="_blank" rel="noopener">lena.nyman@<wbr />filosofiska.nu</a>.<a href="mailto:lena.timmer@filosofiska.nu" target="_blank" rel="noopener"><br />
</a></p>
<p class="left" style="color: #464646; text-align: center;">

<p>Ansökan &#8211; Enskededalen &nbsp; Vi är anslutna till Stockholms stads kommunala förskolekö. För att söka till oss använder ni e-tjänsten för förskoleansökan på Stockholm stads hemsida. Handläggare på kommunen som kan svara på frågor om placeringar är för Enskede: anna.tvedsjo@stockholm.se På Stockholms stads hemsida kan du jämföra oss med andra förskolor och läsa om vad våra föräldrar [&hellip;]</p>
