{"id":5388,"date":"2014-06-17T10:44:11","date_gmt":"2014-06-17T08:44:11","guid":{"rendered":"http:\/\/filosofiska.websign.se\/?page_id=5388"},"modified":"2023-10-28T15:16:39","modified_gmt":"2023-10-28T14:16:39","slug":"likabehandlingsplan","status":"publish","type":"page","link":"http:\/\/www.filosofiska.nu\/filosofiska\/likabehandlingsplan\/","title":{"rendered":"Trygghetsplan f\u00f6rskolan"},"content":{"rendered":"<h1 style=\"text-align: center;\">Trygghetsplan<\/h1>\n<p>Skolan m\u00e5ste varje \u00e5r ta fram tv\u00e5 planer, en likabehandlingsplan enligt diskrimineringslagen och en plan mot kr\u00e4nkande behandling enligt skollagen. Planerna kan dock med f\u00f6rdel sammanf\u00f6ras till en plan mot diskriminering och kr\u00e4nkande behandling, s\u00e5 l\u00e4nge inneh\u00e5llet uppfyller lagarnas krav.<\/p>\n<p>Arbetet mot diskriminering och trakasserier och arbetet mot kr\u00e4nkande behandling har n\u00e4mligen m\u00e5nga ber\u00f6ringspunkter och likheter. Det handlar i b\u00e5da fallen om att arbeta f\u00f6r elevers lika v\u00e4rde.<\/p>\n<p>P\u00e5 Filosofiska har vi valt att g\u00f6ra en plan som vi kallar Trygghetsplan<\/p>\n","protected":false},"excerpt":{"rendered":"<p>Trygghetsplan Skolan m\u00e5ste varje \u00e5r ta fram tv\u00e5 planer, en likabehandlingsplan enligt diskrimineringslagen och en plan mot kr\u00e4nkande behandling enligt skollagen. Planerna kan dock med f\u00f6rdel sammanf\u00f6ras till en plan mot diskriminering och kr\u00e4nkande behandling, s\u00e5 l\u00e4nge inneh\u00e5llet uppfyller lagarnas krav. Arbetet mot diskriminering och trakasserier och arbetet mot kr\u00e4nkande behandling har n\u00e4mligen m\u00e5nga ber\u00f6ringspunkter [&hellip;]<\/p>\n","protected":false},"author":1,"featured_media":0,"parent":0,"menu_order":0,"comment_status":"closed","ping_status":"open","template":"","meta":{"footnotes":""},"class_list":["post-5388","page","type-page","status-publish","hentry"],"_links":{"self":[{"href":"http:\/\/www.filosofiska.nu\/filosofiska\/wp-json\/wp\/v2\/pages\/5388","targetHints":{"allow":["GET"]}}],"collection":[{"href":"http:\/\/www.filosofiska.nu\/filosofiska\/wp-json\/wp\/v2\/pages"}],"about":[{"href":"http:\/\/www.filosofiska.nu\/filosofiska\/wp-json\/wp\/v2\/types\/page"}],"author":[{"embeddable":true,"href":"http:\/\/www.filosofiska.nu\/filosofiska\/wp-json\/wp\/v2\/users\/1"}],"replies":[{"embeddable":true,"href":"http:\/\/www.filosofiska.nu\/filosofiska\/wp-json\/wp\/v2\/comments?post=5388"}],"version-history":[{"count":7,"href":"http:\/\/www.filosofiska.nu\/filosofiska\/wp-json\/wp\/v2\/pages\/5388\/revisions"}],"predecessor-version":[{"id":9071,"href":"http:\/\/www.filosofiska.nu\/filosofiska\/wp-json\/wp\/v2\/pages\/5388\/revisions\/9071"}],"wp:attachment":[{"href":"http:\/\/www.filosofiska.nu\/filosofiska\/wp-json\/wp\/v2\/media?parent=5388"}],"curies":[{"name":"wp","href":"https:\/\/api.w.org\/{rel}","templated":true}]}}