{"id":8959,"date":"2023-04-05T09:43:53","date_gmt":"2023-04-05T08:43:53","guid":{"rendered":"https:\/\/www.filosofiska.nu\/filosofiska\/?page_id=8959"},"modified":"2023-10-28T15:28:01","modified_gmt":"2023-10-28T14:28:01","slug":"felanmalan","status":"publish","type":"page","link":"http:\/\/www.filosofiska.nu\/filosofiska\/felanmalan\/","title":{"rendered":"Skola (F-9) Felanm\u00e4lan"},"content":{"rendered":"\n<p>G\u00e4llande utomhusmilj\u00f6 eller inne i skolans lokaler:<\/p>\n\n\n\n<p>Om du uppt\u00e4cker n\u00e5got som \u00e4r trasigt eller p\u00e5 annat s\u00e4tt beh\u00f6ver \u00e5tg\u00e4rdas, meddela expedition:<\/p>\n\n\n\n<p><a href=\"mailto:expedition@filosofiska.nu\" data-type=\"mailto\" data-id=\"mailto:expedition@filosofiska.nu\">expedition@filosofiska.nu<\/a><\/p>\n\n\n\n<p>Om mer akut: Dick Holmgren 0705 73 86 03.<\/p>\n","protected":false},"excerpt":{"rendered":"<p>G\u00e4llande utomhusmilj\u00f6 eller inne i skolans lokaler: Om du uppt\u00e4cker n\u00e5got som \u00e4r trasigt eller p\u00e5 annat s\u00e4tt beh\u00f6ver \u00e5tg\u00e4rdas, meddela expedition: expedition@filosofiska.nu Om mer akut: Dick Holmgren 0705 73 86 03.<\/p>\n","protected":false},"author":1,"featured_media":0,"parent":0,"menu_order":0,"comment_status":"closed","ping_status":"closed","template":"","meta":{"footnotes":""},"class_list":["post-8959","page","type-page","status-publish","hentry"],"_links":{"self":[{"href":"http:\/\/www.filosofiska.nu\/filosofiska\/wp-json\/wp\/v2\/pages\/8959","targetHints":{"allow":["GET"]}}],"collection":[{"href":"http:\/\/www.filosofiska.nu\/filosofiska\/wp-json\/wp\/v2\/pages"}],"about":[{"href":"http:\/\/www.filosofiska.nu\/filosofiska\/wp-json\/wp\/v2\/types\/page"}],"author":[{"embeddable":true,"href":"http:\/\/www.filosofiska.nu\/filosofiska\/wp-json\/wp\/v2\/users\/1"}],"replies":[{"embeddable":true,"href":"http:\/\/www.filosofiska.nu\/filosofiska\/wp-json\/wp\/v2\/comments?post=8959"}],"version-history":[{"count":6,"href":"http:\/\/www.filosofiska.nu\/filosofiska\/wp-json\/wp\/v2\/pages\/8959\/revisions"}],"predecessor-version":[{"id":9074,"href":"http:\/\/www.filosofiska.nu\/filosofiska\/wp-json\/wp\/v2\/pages\/8959\/revisions\/9074"}],"wp:attachment":[{"href":"http:\/\/www.filosofiska.nu\/filosofiska\/wp-json\/wp\/v2\/media?parent=8959"}],"curies":[{"name":"wp","href":"https:\/\/api.w.org\/{rel}","templated":true}]}}